n 49 is divided by k?
15
Suppose -946*a = -934*a - 64956. Calculate the remainder when a is divided by 126.
121
What is the remainder when -1*8/16*(4 + -1658) is divided by 102?
11
Let y be 15*4/12*(-374)/(-10). Let z = 198 - y. Suppose 0*i = -5*i + 210. Calculate the remainder when i is divided by z.
9
Let b = 41 + -19. Suppose b = 62*y - 60*y. Calculate the remainder when y is divided by 11.
0
Let p(b) = -3*b**2 - 10*b + 13. Suppose 2*h - 2*t - 14 = 0, -4*h - 3*t + 35 = -0*h. Suppose 0 = 2*s - 10 - h. What is the remainder when s is divided by p(-4)?
4
Let n = -300 + 362. Let f = 24 + -8. What is the remainder when n is divided by f?
14
Let y = 44 + -45. What is the remainder when y + 100 - 4/((-16)/12) is divided by 20 - ((0 - 2) + 1)?
18
Let b(k) = 114*k**3 + 2*k**2 - k. Let f = 33575 - 33545. What is the remainder when b(1) is divided by f?
25
Let m(a) = a**3 - 21*a**2 + 53*a - 39. Let c be m(16). Let r = 529 + c. What is the remainder when r is divided by 10?
8
Suppose -3*b - 427 + 290 = -2*i, 0 = 4*i - 4*b - 272. Calculate the remainder when 205 is divided by i.
4
Suppose 5*k - k + 26 = 2*v, 26 = 2*v - k. Suppose -2*o - 188 = -6*h, 0 = -2*o + 129 - 155. What is the remainder when h is divided by v?
1
Suppose 0 = -4*d + 24, 2*o + 7 = 3*o - 5*d. What is the remainder when 10837 is divided by o?
33
Suppose -2*a + 211 = 4*n + 41, -4*n + 185 = -3*a. What is the remainder when n is divided by (-5 - (-105)/24)*(6 + -54)/3?
4
Suppose 9*c + 16 = 160. Let r(j) = j**2 + 4*j + 13. Suppose -2*f + 42 = -5*l, 2*l + 3 = f - 14. What is the remainder when r(l) is divided by c?
13
Suppose -4*t + 8*t = 104. Calculate the remainder when (-160)/((847/(-44) - -14) + 4) is divided by t.
24
Let l(g) = -21*g - 208. Let h be l(-11). Suppose h*b - 594 = 5*b. Let n(o) = o**3 + 9*o**2 - 4*o - 1. What is the remainder when n(-4) is divided by b?
29
Let n = 3120 - 1894. What is the remainder when n is divided by 103?
93
Suppose -81*r + 14*r + 11056 = 68. What is the remainder when 942 is divided by r?
122
Let z(q) = q**2 + 8*q - 7. Let d = -5 + 5. Suppose d = -4*x - 10 - 42. What is the remainder when z(x) is divided by 10?
8
Let y(l) = 5*l**3 + 13*l**2 - 7*l - 27. Calculate the remainder when y(5) is divided by 41.
27
Let g(c) = -22*c - 61. Let n(p) = 89*p + 246. Let k(q) = 9*g(q) + 2*n(q). What is the remainder when k(-8) is divided by 40?
23
Let j be 6/(-9)*(-3)/(-2) + 199. Suppose -4*b = j + 58. Let a = 107 + b. What is the remainder when a is divided by 11?
10
Suppose -58 = 38*b - 514. Calculate the remainder when 220 is divided by b.
4
Let o(h) = -h**2 - 11*h - 45. Let p be o(-21). Let y = p + 260. Suppose f = n + 10, 2*f + 3*n - 30 = f. What is the remainder when f is divided by y?
0
Let l(d) = d - 11. Let y be l(7). Let u(i) be the third derivative of i**5/15 + i**4/4 + 447*i**2. What is the remainder when 79 is divided by u(y)?
39
Let o = 4793 - 4789. What is the remainder when 1655 is divided by o?
3
Let i(d) be the third derivative of 14/3*d**3 + 0*d - 1/24*d**4 + 14*d**2 + 0. What is the remainder when i(12) is divided by 6?
4
Let s = -77 + 78. Let d = 23 + s. Calculate the remainder when 79 is divided by d.
7
Let b(m) = 176*m**3 + 3*m**2 - 5*m + 7. Calculate the remainder when b(2) is divided by 20.
17
Suppose -2*p + 40 = 4*q, -11*q + 9*q = 5*p - 124. Calculate the remainder when 2390 is divided by p.
24
Let r = 39 + -36. Suppose 33 = -r*y - 96. Let g = -20 - y. Calculate the remainder when g is divided by 12.
11
Let u be 366/13 + 6/(-39). Suppose 15*n - 14*n = -u. Calculate the remainder when (-1)/(4/n) - 2 is divided by 4.
1
Let m be -2 + 0 + (-12400)/(-31). Suppose -m = -19*v + 1540. Calculate the remainder when v is divided by 31.
9
Let c(q) be the second derivative of -q**5/20 - 5*q**4/12 + 47*q**2 - q + 934. Let j be 0*(0 - -1)/(-1). What is the remainder when c(j) is divided by 27?
13
Suppose -13*m + 318 = 45. Suppose 5*c - 8 = 3*c - 3*k, 3*c + k = -2. Let d = c + m. Calculate the remainder when 73 is divided by d.
16
Let b = 3598 - 3178. What is the remainder when b is divided by 61?
54
Calculate the remainder when (((-1814)/4)/(4/(-12)))/((-24)/(-16)) is divided by 53.
6
What is the remainder when 728 is divided by (-210)/(-21)*(16/4 + 0)?
8
Suppose 3*a - 5*a + 56 = 2*n, 5*a = -2*n + 65. Let q = n - 21. Suppose z + v + 34 = 209, q*v = 3*z - 518. What is the remainder when z is divided by 45?
39
Let q be (-1)/4 + (-3 - (-77)/(-28)). Let a = 17 - 6. Calculate the remainder when -4*(-2)/q*(-405)/20 is divided by a.
5
Suppose -278 = 7*t - 1258 - 399. Calculate the remainder when 981 is divided by t.
193
Suppose -f - 29 = -56. Let a = 44 - 3. What is the remainder when 3/(3/9*3/f) is divided by a?
40
Let q = 76 - 156. Calculate the remainder when 208 is divided by (-1190)/q + (-1 - (-27)/24).
13
Let k be ((-280)/(-6))/(4/12). Suppose k = -20*o + 360. What is the remainder when 108 is divided by o?
9
Suppose 2*i - h + 18 = 1096, 3*h + 2696 = 5*i. Let s(p) = -2*p + 129. Calculate the remainder when i is divided by s(59).
10
Suppose -6*a + 139 = -35. Suppose -a*c = c - 6270. What is the remainder when c is divided by 53?
50
Suppose 11891 + 9582 = 5*o + 4*d, d = -3*o + 12881. What is the remainder when o is divided by 8?
5
Let u = 14 - 25. Let p(w) = w**2 + 2*w + 3. Suppose 0 = 39*k - 72*k + 495. What is the remainder when p(u) is divided by k?
12
Let q(c) = -c**3 - 51*c**2 + 101*c - 256. What is the remainder when 405 is divided by q(-53)?
0
Let i(x) = -x**2 + 7*x + 8. Let n be i(7). What is the remainder when 3/12 - (-286)/n is divided by 7?
1
Let m(f) = 6*f**2. Let s be 1/4 - (-15)/(-12). What is the remainder when 4/(-10)*(-2360)/59 is divided by m(s)?
4
Let y(n) = 33*n**2 + n - 3. Let s be y(1). Let v = s - 27. Calculate the remainder when v is divided by 3.
1
Suppose -645*m + 655*m = -20. What is the remainder when 3/m - 9657/(-174) is divided by 5?
4
Suppose 4*z = -8*z - 2328. Let f = z + 89. Let r = -84 - f. Calculate the remainder when r is divided by 2.
1
What is the remainder when ((-65)/3)/((-2875)/55200) is divided by 56?
24
Let s = 97 + 62. Let o = s - 68. What is the remainder when o is divided by 26?
13
Suppose r - 2*n + 6*n - 83 = 0, 4*r - 2*n - 242 = 0. Suppose -5*a - 12*v = -9*v - 125, 2*a - 54 = -2*v. What is the remainder when r is divided by a?
19
Suppose 0*h = -l - h + 21, 0 = 3*l + 4*h - 67. Let s = l + -13. Suppose -s*q + 5*q = 23. Calculate the remainder when 91 is divided by q.
22
Suppose s - 132 = -5*s. Let n = 79 + -15. Calculate the remainder when n is divided by s.
20
Let k = -12024 + 13112. Calculate the remainder when k is divided by 136.
0
Suppose 5*t - 311 = 2*h, 2*h + 3*h = -t + 73. Let u = -11267 + 11237. Let k = t - u. Calculate the remainder when k is divided by 19.
17
Suppose 0 = -10*s - 20*s - 900. What is the remainder when (s/25)/(2/(-210)) is divided by 66?
60
Suppose 121*g - 1976 = 102*g. What is the remainder when 297 is divided by g?
89
What is the remainder when 6254 is divided by (8/(-14))/((-7490)/(-833) + -9)?
66
Let r(h) = -29*h + 801. Calculate the remainder when r(-38) is divided by 119.
118
Suppose -2*t + 88 = -3*s - 245, -5*t = s - 875. Let c(x) = x**3 + 6*x**2 - 25*x - 55. What is the remainder when t is divided by c(-2)?
9
Let f(y) = 3*y**2 + 9*y - 7. Let s be f(1). Suppose -119 = -5*p - 34*u + 35*u, -s*p - 4*u = -124. Calculate the remainder when 118 is divided by p.
22
Let j(u) = 171*u**2 - 26*u - 20. What is the remainder when j(-1) is divided by 58?
3
What is the remainder when 452 is divided by (28/(-6))/(336/(-4896))?
44
Suppose -225*l - 6 = -228*l. Calculate the remainder when (60 - -8)*(2 + (2 - l)) is divided by 35.
31
Let k(n) = -n**2 - 2*n + 48. Let s be k(7). Let x(r) = -r**3 - 16*r**2 - 18*r + 9. Suppose -o = 2*o - 87. Calculate the remainder when x(s) is divided by o.
25
Let f(u) = -33*u + 23*u - 2 + 10*u**2 + 16 - 4. Suppose 3*l + 8 = l, -2*a + l = -22. Calculate the remainder when f(3) is divided by a.
7
Let d(f) = 20*f**3 - 63*f - 5*f**3 - 12*f**3 - 21*f**2 - 4*f**3 - 10. Let z be d(-18). Let j = -144 + z. What is the remainder when j is divided by 7?
1
Suppose -4*b - 2 = 10*y - 8*y, 0 = -3*b - 4*y - 4. Let t(q) = q**2 - 5*q + 24. What is the remainder when 37 is divided by t